t p be 26/4 + 2/4. Let w(b) = 12*b + 23. List the prime factors of w(p).
107
Suppose 0 = -17*y + 23*y - 3942. List the prime factors of y.
3, 73
Let f(u) = -132*u - 476. List the prime factors of f(-5).
2, 23
Let p(t) = t**2 - t + 13. Let i(m) = m**3 - 6*m**2 - m + 4. Let f be i(6). Let x be (2 - 2)*f/(-4). List the prime factors of p(x).
13
Suppose -545 = -8*w + 3*w. Let j = w - 9. Suppose 0 = 4*r - 3*y - 45, -5*y + j = -3*r + 8*r. What are the prime factors of r?
3, 5
Let p(t) = 16*t**2 - t. Suppose 0 = 5*r - 0 - 5. Let c be p(r). Let o = c + -8. What are the prime factors of o?
7
Let g(y) = 4*y + 4 + 14 + 28 + 13*y. List the prime factors of g(12).
2, 5
Suppose 5*g - 50 = v, -2*v - 5*g - 52 = -3*g. Let m(j) = j**2 + 9*j + 5. Let o be m(-4). Let c = o - v. What are the prime factors of c?
3, 5
Suppose 3*u = 2*u - 4, -u + 23 = 3*g. Suppose 5*d - f = 154 + g, -d = 5*f - 17. What are the prime factors of d?
2
Suppose -6*r - 25 = -11*r. Suppose 4*c - y - 430 = -62, r*y = 4*c - 352. What are the prime factors of c?
3, 31
Suppose 0 = -5*j - 5*t - 204 + 74, -4*j = 5*t + 108. List the prime factors of (j/4)/(2/(-20)).
5, 11
List the prime factors of 13696/176 + (-8)/(-44).
2, 3, 13
Suppose 3*s = -2*h + 19, -2*h - 2*s + 24 = -4*s. Suppose h*f = 8*f. Suppose -3*l + 58 = p, -3*p + f*p = 3*l - 180. What are the prime factors of p?
61
Let i be 50/(-18) - (-12)/(-54). Let j be i/6*8/2. List the prime factors of (-1)/(2*j/80).
2, 5
Let u = 423 - 165. What are the prime factors of u?
2, 3, 43
Suppose 0*y = 2*y - 3440. Suppose 712 - y = 4*a. List the prime factors of (3/(-9))/(4/a).
3, 7
Let f = -24 - -19. Let b = f + 10. Suppose -55 = -3*r + b. List the prime factors of r.
2, 5
Suppose -s = z - 881, s + s + z = 1764. What are the prime factors of s?
883
Let w = 26 + -33. Let c(b) = b**2 + 2*b + 10. Let r(g) = g**2 + 3*g + 9. Let h(n) = -4*c(n) + 5*r(n). What are the prime factors of h(w)?
5
Let h(f) = -f**2 + 3*f + 2. Let a be h(3). Suppose 0 = 7*k - 8*k + a. Suppose 0 = 3*l - 19 - k. What are the prime factors of l?
7
Let o(d) = d. Let b(m) = 13*m + 4. Let v(c) = -b(c) + 5*o(c). Let r be v(-7). Suppose -2*p + r = 2*k + k, k = -2*p + 12. List the prime factors of k.
2, 5
Let d = -86 + 178. List the prime factors of d.
2, 23
Suppose k = -2*k - 15, -3 = 3*h - 3*k. Let f be 0 + -1 - (-4 - 5). Let n = f + h. List the prime factors of n.
2
Let s = -41 - -19. Let v = 16 + s. What are the prime factors of (v - 0)*(-6 - -3)?
2, 3
Let b(s) = -s**3 + 7*s**2 + 7*s - 6. Let n be b(8). Let j = 56 - n. List the prime factors of j.
2, 5, 7
Suppose 0 = -10*t - 405 + 4915. List the prime factors of t.
11, 41
Let j = 11 - -5. Let i(z) = j - 11*z**2 - 5*z**2 - z + 15*z**2. What are the prime factors of i(0)?
2
Let x(j) = 15*j**3 - 12*j**2 + 28*j - 9. What are the prime factors of x(4)?
13, 67
Let m(p) = -69*p + 30*p + 0 + 1 + 38*p. What are the prime factors of m(-4)?
5
Let j be 9*(3 - (-12)/(-3)). What are the prime factors of (-1316)/j - (16/9)/8?
2, 73
Let v = 825 + 128. What are the prime factors of v?
953
Let q = 23 - 11. List the prime factors of q/(-66) + 1192/22.
2, 3
Let i = -5 - -9. Suppose 2*r - 67 - 29 = 0. Suppose -i*t + t = -r. List the prime factors of t.
2
Suppose s = 382 + 22. List the prime factors of s.
2, 101
Let d = 635 - 621. Let r(c) = c - 4. Let x be r(5). What are the prime factors of 252/d + (2 - x)?
19
Suppose -2*a = -2*f + a + 18, 0 = 3*f + 3*a + 3. Suppose -4*i + 4*m = -12, -i = -f*i - 3*m + 16. Suppose -i*v + 6*v - 19 = 0. List the prime factors of v.
19
Let d(t) = 5*t + 4 - 2*t + 5*t + t**3 + 8*t**2. Let g be d(-5). Suppose 3*l = -2*x + g, 2*l - 2*x + 3 = 39. What are the prime factors of l?
3, 5
Suppose -q + 5*z + 9 + 2 = 0, 4 = -4*z. Let h be (-530)/(-30) - 2/3. Let o = h + q. List the prime factors of o.
23
Suppose -o + 2 = -2. Suppose -5*z = -5*s - 20, 0 = 4*s - 2*s - z + o. Suppose 0*u - 3*m - 39 = -3*u, -5*u - m + 77 = s. What are the prime factors of u?
3, 5
Let w(g) = -g**2 + 4*g + 5. Let f be w(4). Let a = -33 - -38. Suppose -5*t = -f*l - 85, -4*t + a = -5*l - 67. What are the prime factors of t?
13
Suppose 9438 + 4342 = 13*c. List the prime factors of c.
2, 5, 53
Suppose 4*i = -2*j + 3*i + 867, -3*i = -4*j + 1719. List the prime factors of j.
2, 3
Let k = -43 - -47. Suppose -k*g - 4*d = -536, -4*g + d = -d - 536. List the prime factors of g.
2, 67
Suppose -2*w - 24144 = -4*g, 112*w - 109*w - 18108 = -3*g. What are the prime factors of g?
2, 3, 503
Let u(p) = -p**3 - 15*p**2 - 13*p + 16. Let l be u(-14). Suppose l*m + m + 94 = 4*k, -k - m = -27. List the prime factors of k.
5
Suppose -9*j + 15*j = 0. Suppose c + 42 - 143 = j. List the prime factors of c.
101
Suppose 2*k - 4*t = 0, 0 = -0*k - k - 4*t + 6. Suppose -7*x + k*x + 10 = 0. List the prime factors of x.
2
Let d(f) = f**3 + 7*f**2 + 6*f - 1. Let i be d(-6). Let r(c) = 4*c**2 + 4*c + 2. Let w be r(i). Let a = w + 19. List the prime factors of a.
3, 7
Suppose -49*m = -23864 - 34544. What are the prime factors of m?
2, 149
Let r be (-275)/6 - (-2)/(-12). Suppose -o = -5, -3*o = -2*q - 17 - 2. What are the prime factors of (r/(-8) + q)*4?
3, 5
Suppose -2*r = 3*b - 54 - 132, 5*r = 4*b + 488. Let w = r + 36. What are the prime factors of w?
2, 3, 11
Let c be (1*(-1 + 0))/((-17)/34). Suppose -2*g - g = 2*f - 197, 5*f - 124 = -c*g. List the prime factors of g.
67
Let d(p) be the second derivative of -p**5/20 + 5*p**4/4 + 8*p**3/3 + 18*p**2 + 22*p. What are the prime factors of d(16)?
2, 3
Let l = -94 + 105. List the prime factors of -1*l*(-15)/5.
3, 11
Suppose -5*j = -3*k - 60, -j = -k - 9 - 5. Let c = j + -2. Let s(n) = 2*n**2 - 7*n - 9. What are the prime factors of s(c)?
2, 5
Suppose 4*t + 3*u - 874 = 625, 2*t - 746 = 2*u. Let d be t/33*6/(-4). Let z = d + 27. What are the prime factors of z?
2, 5
Let c be 2 + 33/(-15) - (-102)/10. Suppose 503 = -c*v + 1833. List the prime factors of v.
7, 19
Let a be -2 + 53 + 0 - (4 - 1). Suppose 2*w = 4*r + a, 2*r + 28 - 76 = -3*w. List the prime factors of w.
2, 3
Let w(h) = -3*h - 4*h**2 + 6*h**2 + 9 - 8 + 4*h**2. Suppose 2 = 3*l - 4. What are the prime factors of w(l)?
19
Let s be -1*13/(-2)*4. Let t be (3 + 2)*(-18)/(-10). Let o = t + s. List the prime factors of o.
5, 7
Let p(r) = 4*r + 8 + 20*r**2 + r**3 - 36*r**2 + 21*r**2. What are the prime factors of p(-3)?
2, 7
Let t(q) = 230*q + 143. What are the prime factors of t(12)?
2903
Let r = 2423 - 1171. List the prime factors of r.
2, 313
Suppose -3*p - 7*x + 8*x + 2345 = 0, -4*p + 4*x = -3124. List the prime factors of p.
2, 17, 23
Suppose -4*a + 5*a + 5*v = 785, -3*v - 3869 = -5*a. What are the prime factors of a?
5, 31
Let o(u) = -u - 7. Let d be o(-3). Let q(b) = b**2 - 8. Let m be q(d). List the prime factors of (13/(-4))/((-2)/m).
13
Let q(r) = 7*r - 7. Let t be q(5). Let f = -63 + t. Let j = f - -79. List the prime factors of j.
2, 11
Let t(n) = -13*n**3 - 16*n - 27. List the prime factors of t(-5).
2, 839
Let x(q) = -3*q**2 + 4*q + 16 + q**2 - 9*q. Let j be x(-7). Let r = 5 - j. What are the prime factors of r?
2, 13
Suppose 9*f = -312 - 750. What are the prime factors of f/(-3) + (-1)/3*1?
3, 13
Let c = -23 + 14. List the prime factors of (48 - 4)*c/(-6).
2, 3, 11
Let h be 4/6 - (-957)/9. Suppose 0 = 2*q + 3*z - 93, 0 = -3*q - 0*z + 2*z + h. List the prime factors of q.
3, 13
Let o be (-217413)/(-45) - (-6)/(-15). Suppose o = 14*d + 1121. List the prime factors of d.
5, 53
Suppose -1718 = 2*m - 5*t + 221, -4*t = -3*m - 2912. Let u be m/(-30) - 2/5. Suppose 0*b = 2*b - u. List the prime factors of b.
2
Let r(s) = 7*s - 25. Let k be r(5). What are the prime factors of 2 + (-26)/k + 1086/10?
2, 3
Let x = -447 + 835. List the prime factors of x.
2, 97
Let p(z) = -z**2 + 18*z + 37. Let o be p(20). Suppose 5*v + 12 = -3. List the prime factors of -4*(o + v/4).
3, 5
Let l(u) = -u + 5. Let a be l(0). Let h(n) = -8*n**2 + 56*n + 5. Let b be h(7). Suppose -b*q - 95 = -a*x, 16 + 27 = 3*x + 4*q. List the prime factors of x.
17
Let k = 59 + -138. Let h = k - -111. Let z = h + 19. What are the prime factors of z?
3, 17
Suppose -2*x = -5*u + 46, 0*x + u = -3*x - 52. Let a = x + 118. What are the prime factors of a?
2, 5
Let s(j) = 2*j - 36. Let h be s(21). What are the prime factors of (h/15)/((